ivided by 21?
20
Let w = 54 - 48. Suppose 0 = w*p - p. Let f(o) = o**2 - o + 26. Calculate the remainder when f(p) is divided by 16.
10
Let p(r) = r**2 - 11*r. Let j be p(11). Suppose q - 4 = -j, 5*f = q + 641. Let c = -1264 - -1308. Calculate the remainder when f is divided by c.
41
Let z = 10 - -23. Let q = z - 33. Suppose -3*a - 5*s + 74 = q, -4*s = 5*a + s - 110. Calculate the remainder when 51 is divided by a.
15
Let b = 8 - 6. Suppose o = b*o - 42. Let n(g) = -100*g - 7388. Calculate the remainder when o is divided by n(-74).
6
What is the remainder when (147 - -2)/((-103)/(-1957)) is divided by 6?
5
Let t(r) = r + 59. Suppose -3*n = -5*l - 35 + 36, 4*n = -4*l + 20. Calculate the remainder when t(n) is divided by 54.
8
Let x(a) = a**3 + 45*a**2 + 46*a - 5. Let u be x(-44). Suppose -4*l = -3*l, m + 155 = 3*l. Let p = u - m. Calculate the remainder when 307 is divided by p.
59
Suppose -3*w = -6*w + 111. Let x = -5458 + 5515. What is the remainder when x is divided by w?
20
Suppose 743 = 6*j - 2749. What is the remainder when j is divided by 31?
24
Let i be 34 - (2 + -3) - 0. Let d = -24 + i. Suppose -4*x + 5*y = -72, -75*y - 21 = -x - 73*y. What is the remainder when x is divided by d?
2
Suppose l - 36 = -2*i, -l - 13*i + 28 = -9*i. What is the remainder when 533 is divided by l?
5
Let l be 197/(-6) + 19/(-6) + 3. Let h = 36 + l. Suppose h*o - 126 - 3 = -3*u, 0 = -5*o + 2*u + 250. Calculate the remainder when o is divided by 13.
9
Let v(r) = r**3 - 45*r**2 + 56. What is the remainder when 2405 is divided by v(45)?
53
Let r(y) be the first derivative of 3*y**2/2 + 30*y - 3. Suppose -k - 4*k - 4*f = 42, 4*k = -f - 27. Calculate the remainder when r(k) is divided by 4.
0
Let q = -15 - -17. Let b(t) = 4*t**3 - 2*t + 3. Let v(u) = u**2 + 51*u + 206. Calculate the remainder when b(q) is divided by v(-4).
13
Let m be (3 + (-40)/15)*3*0. Calculate the remainder when 28 is divided by m + 0 + 2 + 14.
12
Let x = 31229 + -31200. Let v(b) = -b**3 + 3*b**2 - b - 4. Calculate the remainder when v(-3) is divided by x.
24
Let v = 77 + -92. Let f = 33 + v. What is the remainder when 68 is divided by f?
14
Let a = 44 + -36. Suppose 4*v + a = 0, 5*n + 4*v + 0*v - 2 = 0. Calculate the remainder when 53 is divided by ((-84)/(-30))/(n/20).
25
Let u be 18/(-4)*((-8)/(-12) - 0). Let l = 14 + u. What is the remainder when 14 is divided by l?
3
Calculate the remainder when 1349 is divided by 69/12 + 3 + 14/(-8).
5
Let q(u) = 31*u - 1. Suppose f - j = 26, 0 = -4*j - 6 + 2. What is the remainder when q(3) is divided by f?
17
Suppose -12*v = 73*v + 1361 - 7821. What is the remainder when v is divided by -1 - (3 + -1)*-20?
37
Suppose -7*l + 160 = -372. Calculate the remainder when 620 is divided by l.
12
Let f = 158 + -366. Let b = f + 221. What is the remainder when 20 is divided by b?
7
Suppose 1265*p - 2070 = 1175*p. What is the remainder when 5646 is divided by p?
11
Let i(u) = -2*u + 8. Let l be (-3)/6 + 3 + (-91)/(-2). Suppose 0 = 4*j + 2*j + l. What is the remainder when 93 is divided by i(j)?
21
Suppose 3*j = -5*y + 6*y + 1619, j = -y + 541. Calculate the remainder when j is divided by 32.
28
Let j = -20047 - -20070. Calculate the remainder when 190/2*(-36)/(-10) is divided by j.
20
What is the remainder when 1292 is divided by ((-1)/2)/(((-3)/(-2140))/((-72)/60))?
8
Let f be (-4)/2*9/(-6). Suppose n + 83 = f*p + 2*p, -p - 4*n = -25. What is the remainder when p is divided by 12/(-5)*(-17 + 290/20)?
5
Let s be (-501)/5 + (-8)/10. Let l = 109 + s. Calculate the remainder when l is divided by 3.
2
Let a be (5 + -6)*((2 - 1) + -222). Let h be (-2*2)/((-13)/a). Suppose 5*t + h = -2*m + 4*m, t + 102 = 3*m. Calculate the remainder when 65 is divided by m.
31
Suppose -2*w + 123 = 2*i + 9, -2*w - 98 = -2*i. Suppose 20*c + 3*h + i = 25*c, -3*h + 47 = 5*c. Calculate the remainder when 99 is divided by c.
9
What is the remainder when (10 + (-4)/2)*1 is divided by (49/(-4) + 11 + 1)/(2/(-24))?
2
Suppose -4*i = -3*f + 13 - 19, -4*i - 5*f = -22. Suppose -43 = -4*k - 3*g, 0 = -0*k + 3*k - i*g - 27. Calculate the remainder when 47 is divided by k.
7
Let d = 3170 - 2672. What is the remainder when d is divided by 21?
15
Suppose 0*h = 19*h - 76. Suppose 48 = 4*l - h*v, -8*v + 9*v - 33 = -2*l. Calculate the remainder when 47 is divided by l.
2
Suppose 2*b - 124 = -2*f, 162 = 3*b - 5*f - 0. What is the remainder when 1176 is divided by b?
55
Let p = 282 - 282. Suppose 5*w = i + 140, p = -6*i + 2*i. Calculate the remainder when w is divided by 8.
4
Calculate the remainder when (0 - -1) + -1 - (-61 - 70) is divided by ((-66)/24)/(4/(32/(-1))).
21
Suppose -1574*i + 1571*i = -2*t + 177, -2*i = -t + 87. Suppose 3*o - 17 - 31 = 0. What is the remainder when t is divided by o?
13
Suppose 13*y = 10*y + 54. What is the remainder when ((-2)/6)/(28 - (-72331)/(-2583)) is divided by y?
15
Suppose -20095 + 20041 = -27*n. Calculate the remainder when 2146 is divided by n.
0
Suppose 3*w = -4*n + 47, -16*n + 13*n + 2*w + 14 = 0. Let j(r) = 3*r**2 - 16*r - 24. Calculate the remainder when 196 is divided by j(n).
36
Let u(g) = -4*g + 4. Let h(f) = -3*f + 4. Let a(x) = -5*h(x) + 6*u(x). Let n be a(1). Let o(b) = -16*b - 3. What is the remainder when o(n) is divided by 20?
17
Suppose -18*h + 261 - 63 = 0. Suppose -12 = -h*g + 10. Calculate the remainder when 3 is divided by g.
1
What is the remainder when (-4)/((-2)/(-110)*-5) is divided by 15?
14
Let f(d) = 249*d + 2370. What is the remainder when f(0) is divided by 11?
5
Let b be -11 - (2 - (4 - -1)). Suppose -4 = -9*z + 59. What is the remainder when (-102)/b + (-30)/40 is divided by z?
5
Let y = -22 - -10. Let j = -7 - y. Let x = 278 + -266. Calculate the remainder when x is divided by j.
2
Let l(o) = 34*o + 9 - 2*o**3 + o**3 - 11*o**2 - 35*o. Suppose -2*v = x - 3*v - 59, -5*v + 295 = 5*x. What is the remainder when x is divided by l(-11)?
19
Calculate the remainder when (-146)/(-584) - ((-130142)/8 - 1) is divided by 48.
45
Suppose -10*r - 500 + 724 = -2*r. Calculate the remainder when r is divided by 15.
13
Suppose 26*v - 13*v - 36*v = 21*v - 968. What is the remainder when -172*(5/(-2) - -2) is divided by v?
20
Let y = -13444 - -13891. Calculate the remainder when 475 is divided by y.
28
Let t be ((-450)/(-100))/((-6)/(-4)). Calculate the remainder when ((-860)/4)/(t/(-3)) is divided by 59.
38
Let y be (110/25 + -2)*30. What is the remainder when 59 is divided by 668/32 + 9/y?
17
Suppose -67*c + 3444 = -55*c. Calculate the remainder when c is divided by 83.
38
Suppose 4*l = l + 15. Let w(o) = o - 1. Let v be w(2). What is the remainder when (1 - (-18 - v))*(-81)/(-135) is divided by l?
2
Suppose -4*f - 98 + 557 = 5*j, -93 = -j - f. What is the remainder when 1728 is divided by j?
75
What is the remainder when -19*((-987)/14 - (-2)/(-4)) is divided by 52?
49
Let d(v) = -v - 5. Let a be d(-7). Suppose n - 245 = -a*n - 4*o, 0 = o - 2. Calculate the remainder when n is divided by 20.
19
Let a(c) = 36*c + 95. Let y be a(-14). Let q = 468 + y. What is the remainder when 115 is divided by q?
56
Suppose 5*k + 3*m - 148 = 0, 3 - 2 = m. Let h = -23 + k. Let d(b) = -7*b - 210. Calculate the remainder when d(-32) is divided by h.
2
Let g = 2170 - 1942. Calculate the remainder when g is divided by 58.
54
Let g = -17368 + 17873. What is the remainder when g is divided by 107?
77
Let g be (-16)/88 + (-871)/(-11). Let d = g - 57. What is the remainder when 105 is divided by d?
17
Let p(y) = y**3 - 5*y**2 + 2*y - 8. Suppose 2*z + 2*d - 40 = 0, -13 = -3*z - 5*d + 47. Suppose 45 = 5*g + z. What is the remainder when 3 is divided by p(g)?
1
Let x(k) = 4*k + 70. Let m be x(-4). Let f = m - 36. What is the remainder when 358 is divided by f?
16
Let w(y) = 135*y - 38. Let m be w(13). Suppose 6*p = -11*p + m. What is the remainder when p is divided by 27?
20
Let r(w) = -w**2 + 51*w + 494. What is the remainder when r(53) is divided by 16?
4
Suppose -173 = p - 98. Let i = 146 + p. What is the remainder when i is divided by 15?
11
Let c(w) = 6*w**2 + 9*w + 16. Let j be c(-3). Let l = 49 - j. Let o = 15 + l. Calculate the remainder when 102 is divided by o.
18
Suppose 3*o - 75 = 3*c, 3*o - 58 = -c + 21. Suppose 10*n = 1831 - 281. What is the remainder when n is divi